48. List the prime factors of f.
3
Let b be (0/((-16)/(-4)))/3. Let z = b + 22. List the prime factors of z.
2, 11
Suppose -4*u = -52 - 28. What are the prime factors of u?
2, 5
Suppose 1 = -2*y + 5. Let p be 0/(-1) + (-12)/(-3). Suppose -y*f = n - 12, 5*f = -p*n + n + 36. What are the prime factors of n?
2, 3
Suppose 0 = 4*p + 3*o - 4, 3*p + 5*o = -9 + 1. Let z be p/12 - 38/6. What are the prime factors of z/27 + (-40)/(-18)?
2
Let x(d) = 10 - d**2 - 6*d**2 + d**3 - 4 - 8*d. Let p = 16 - 8. What are the prime factors of x(p)?
2, 3
Suppose -4*c - 10 - 30 = 0. Let i = -3 - c. List the prime factors of i.
7
Let n be 0 + 3 + 1/(-1). Suppose 4*w = g + 3, -5*w = n*g - 6*g + 10. What are the prime factors of g?
5
Suppose -4*t + 9*t = 20. Suppose 3*g = -t*p + 248, 2*g - 124 = -2*p - g. Suppose 6 = 4*m - p. What are the prime factors of m?
17
Suppose 24 = 2*y - 2*k, 1 - 2 = k. Let m = 51 + -48. Suppose 2*j + y = m*j. List the prime factors of j.
11
Suppose 0 = -0*f + 4*f. Suppose -11 + 75 = 3*r - 5*l, -5*r + 2*l + 75 = f. List the prime factors of r.
13
Let w = -5 - -9. Let y be ((-1)/(-2))/((-2)/(-28)). Suppose -2*a + y*x = 3*x - 20, x - w = -a. What are the prime factors of a?
2, 3
Suppose -2*n + n = -h, -4*n + 4 = 0. Let o be h/((-12)/9)*4. Let l(v) = -v**3 - v**2 + 4*v + 2. What are the prime factors of l(o)?
2
Suppose 0*w = -w + 18. Suppose -4*c + c + w = 0. List the prime factors of c.
2, 3
Suppose 42 = -5*d + 3*d. List the prime factors of -8 - -5 - (d + 1).
17
Let q(g) be the second derivative of g**4/6 - 5*g**3/3 - g**2 + 4*g. What are the prime factors of q(7)?
2, 13
Let z(m) be the first derivative of m**4/4 + 3*m**3 - 6*m**2 - 2*m + 2. What are the prime factors of z(-10)?
2, 3
Suppose 0 = -7*c + 2*c - s + 12, 5*s + 27 = 4*c. List the prime factors of c.
3
Suppose -2*j - 2*s = -4, -j = -4*s - 0 - 2. List the prime factors of j/8 + 165/12.
2, 7
Suppose 3*l - 5*w = -11, 0*l - 5*w + 3 = l. Let r(z) be the second derivative of -z**3 - z**2 - 10*z. List the prime factors of r(l).
2, 5
Let g(x) = 3*x**2 - 2*x. Suppose -10 = -2*h - 4. What are the prime factors of g(h)?
3, 7
Let v(c) = c**3 - 5*c**2 + 4*c + 4. Let z be v(5). Let g(u) = -u**2 - u + 3. Let q be g(3). What are the prime factors of q/(-2*9/z)?
2, 3
Let n = 3 + -3. Suppose -6 = -n*c - c. List the prime factors of c.
2, 3
Let z(b) = -b + 5. Let g be z(7). Let y = g + 6. Suppose -y + 20 = 4*x. List the prime factors of x.
2
Let a = 2 + -2. Suppose 3*k - 9 - 12 = a. List the prime factors of k.
7
Suppose l + 0*l = -3. Let f(i) = -4*i - 2 + 3*i + 3. List the prime factors of f(l).
2
Suppose 2 + 1 = 3*a. Let d = a - -11. What are the prime factors of d?
2, 3
Let u = -7 + 11. Suppose -2*g - g = 0, -4*b + 3*g = u. List the prime factors of (-24)/(-6) - (b - 1).
2, 3
Let q be (3 + 85/4)*4. Suppose -5*m = -2*m + 12, -3*m + q = h. Suppose 5*r - 4*i = 40 + 85, -h = -4*r + 5*i. What are the prime factors of r?
3, 7
Let s(r) = -2*r - 7. Let u = -29 + 19. What are the prime factors of s(u)?
13
List the prime factors of ((-1108)/(-9) - 1/9) + -1.
2, 61
Let h = 7 - 25. Let u(d) = 2*d**2 + 2*d + 5. Let w be u(-4). Let n = h + w. List the prime factors of n.
11
Let b be (-2)/(-12)*3*0. Suppose 2*n = -4 - b. What are the prime factors of n/(-2) - (2 + -4)?
3
Let w(o) = 2*o + 3. Let c be (-15)/6*(-2 - 0). List the prime factors of w(c).
13
Suppose -5*m + 2*u = -16 - 19, -7 = -m - 3*u. Suppose -5*o + 30 = 2*z, 4*o + 3*z - 10 = m. What are the prime factors of o?
2
Let r(u) = 2*u**3 + 1. Let k be r(1). Suppose -2*w - 3*y - y = -22, 3*y - k = 0. What are the prime factors of w?
3
Suppose -2*x = -i - 8, -i = -2*i - 4. Suppose -2*m + 8 = p, m + x*p - 2 = 4*m. What are the prime factors of (-1)/((-3)/30) - m?
2
Let n = 1 - 3. Let o be -3*n/(-3)*18. Let a = o + 53. What are the prime factors of a?
17
Let o(x) = -x. Let p be o(-3). Let q(c) = -c**2 - 9*c - 14. Let f be q(-7). Suppose -2*a + 0*a + k = -1, f = -2*a - p*k + 13. What are the prime factors of a?
2
Let x(c) = -2*c - 1. Suppose 0 = -4*h + 2*h + 12. Let b be (-3)/h - (-18)/(-4). What are the prime factors of x(b)?
3
Let p = -6 - -8. Suppose 2*f - 2 = 7*n - 3*n, 5*n = -p*f + 20. List the prime factors of n.
2
Suppose -3*d - 2*n + 62 = 22, 0 = -4*d + n + 35. Let h = d - -1. List the prime factors of 18/(-24) - h/(-4).
2
Let k = -6 + 6. Let h be 14*(1 - k) - 2. Let m = -2 + h. List the prime factors of m.
2, 5
Suppose -4*p = 35 + 1. Let w be (-80)/(-36) + 2/p. Let h = w - -2. List the prime factors of h.
2
Let c = 100 + -7. What are the prime factors of c?
3, 31
Let f = 26 - 15. Suppose -5*s - f = -181. List the prime factors of s.
2, 17
Let s be ((-1)/(-3))/(1/15). Suppose -s*j + 17 - 2 = 0. Suppose 0 = -j*i + 21. What are the prime factors of i?
7
Let m = 91 - 50. What are the prime factors of m?
41
Suppose -3*m - 36 = -k, -13 = 3*m + 5*k + 23. Let l = m + 21. What are the prime factors of l?
3
Let g = 13 - 19. Let p(l) = -6*l - 5. List the prime factors of p(g).
31
Suppose p = -0 + 3. List the prime factors of (-1)/p - (-39)/9.
2
Let z(t) = 4*t - 2. Let l be z(2). Suppose l*m - 2 = m - 4*f, -4*m + 3*f = -14. What are the prime factors of m?
2
Let z(s) = 2*s**3 - 3*s**2 - 4*s. Let u be z(4). Suppose 4*f - 20 = u. What are the prime factors of f?
3, 7
Suppose 5*v - 20 = -4*p - 3, 3 = -4*p - v. Let c(g) = -31*g - 16. Let x(o) = -21*o - 11. Let l(j) = 5*c(j) - 7*x(j). List the prime factors of l(p).
13
Suppose 5*u - 5*y = -35, -3*u - 3*y - 2*y = 37. List the prime factors of 6/u - 59/(-3).
19
Suppose -8*z = -416 - 432. What are the prime factors of z?
2, 53
Let q(p) = p**2 + 2 + 0*p**2 - 1. Let m be q(3). Suppose 4*g - 18 = m. What are the prime factors of g?
7
List the prime factors of 3/9 - 213/(-9).
2, 3
Suppose 0 = -5*o - 2*g + 244, -234 = -5*o + 3*g - 0*g. What are the prime factors of o?
2, 3
Suppose 4*y - 10 = -2. What are the prime factors of y?
2
Let a(d) = -d**3 + 12*d**2 - 7*d. Let s be a(11). Suppose c - 21 = -4*o + 38, 0 = -5*c + 3*o + 318. Let m = c - s. What are the prime factors of m?
19
Let w(v) = v**2 - 13. Let c be w(0). Let h = -8 - c. List the prime factors of h.
5
Suppose -x + 5*x - 8 = 0. Let g be 27 - x/(-4)*-2. Let k = -14 + g. List the prime factors of k.
2, 3
Suppose 6*x + 195 = 9*x. Suppose 0*n + i = 5*n - x, -n + i = -13. Let w = n - 8. What are the prime factors of w?
5
Let i = -7 + 11. Suppose y + 0*j = i*j - 23, -5*y = -3*j + 30. Let p = 5 + y. List the prime factors of p.
2
Let z be 5/2*-1*-18. What are the prime factors of 4/(-3)*z/(-2)?
2, 3, 5
Suppose 0 = 4*k + 12, 3*z - 3 = -k + 6. Suppose 13 = -x - z*a - 2, -3*x = 2*a + 5. List the prime factors of (-20)/4*x/(-1).
5
Suppose 3*w + 2*l + 62 = -w, 61 = -4*w - l. Let z be w*((-6)/(-9))/(-1). What are the prime factors of 15/25*z/2?
3
Let c(g) be the second derivative of g**5/20 + 7*g**4/12 + 2*g**3/3 + 4*g**2 - 2*g. What are the prime factors of c(-5)?
2, 19
Let l be 18/(3/1) + -1. Let h = l - -4. List the prime factors of h/5 + (-2)/(-10).
2
Suppose -4*d = d - 170. List the prime factors of d.
2, 17
List the prime factors of (-3)/6 + (-261)/(-2)*1.
2, 5, 13
Let b be 1 - 2*3/(-2). Let x be 5/1*b/10. List the prime factors of 4*3/x - 0.
2, 3
Suppose -2*u = -471 + 67. List the prime factors of u.
2, 101
Let m be 1/(0 + (-3)/114). Let k = 27 + m. Let d = 23 + k. What are the prime factors of d?
2, 3
Suppose -d + v + 11 = 0, 2*d + 3*v + 19 = 4*d. What are the prime factors of d?
2, 7
Suppose -8 = 5*c - 23. Let w be (c + 10/(-3))*-9. Suppose -3*d - w*h = -23 - 1, 3*h = -5*d + 46. What are the prime factors of d?
11
Let a = 9 - -15. List the prime factors of a.
2, 3
Suppose 20 = -0*z - 4*z. What are the prime factors of (-2)/2*70/z?
2, 7
Suppose -4*k = -5*q + 278, 2*q - 26 - 105 = -5*k. What are the prime factors of q?
2, 29
Suppose 0 = -3*z - 0*z + 360. List the prime factors of z.
2, 3, 5
Suppose 3*q = 4*w - q - 24, -w - 19 = 4*q. Suppose 4 = v - w. List the prime factors of v.
5
Let y be (-4)/5*35/(-2). Let q = y + 5. What are the prime factors of q?
19
List the prime factors of ((-24)/14)/(16/(-56)).
2, 3
Suppose 0 = -7*g + 10*g - 18. Let a = g + -5. What are the prime factors of (9 + 1)/(a - -1)?
5
What are the prime factors of (-5)/((-220)/(-8)) + 2268/11?
2, 103
Let c